 5*r**3 + r**2 + 454*r + 913. What is x(-2)?
-31
Let w(c) = -c**2 + 112*c - 2142. What is w(26)?
94
Let j(q) = -17*q**3 - 33*q**2 - 52*q + 277. Determine j(-6).
3073
Let w(g) = 6*g**2 + 205*g + 69. Calculate w(-34).
35
Let d(t) = -4933*t - 942205. What is d(-191)?
-2
Let o(u) = u**2 - 5585*u + 413256. Determine o(75).
6
Let u(k) = k**2 - 1238*k + 111508. Calculate u(98).
-212
Let p(m) = 9*m**2 + 118*m + 149. Give p(-7).
-236
Let s(j) = -30389*j - 698947. What is s(-23)?
0
Let x(q) = q**2 - 61057*q - 244238. Calculate x(-4).
6
Let s(w) = -4*w**3 + 138*w**2 - 89*w - 242. Calculate s(33).
3355
Let d(g) = 80*g**2 + 17507*g - 2873. What is d(-219)?
-26
Let s(v) = 15*v**3 - 827*v**2 + 83*v + 1409. Give s(55).
-76
Let f(r) = 3*r**2 + 733*r + 6607. Give f(-235).
27
Let v(b) = -849*b - 27935. What is v(-33)?
82
Let j(n) = 2*n**3 + 72*n**2 + 55*n + 978. What is j(-36)?
-1002
Let i(h) = -13198*h - 673145. Calculate i(-51).
-47
Let p(a) = a**2 - 23*a + 1408. What is p(0)?
1408
Let h(t) = -122*t - 4884. Give h(-36).
-492
Let z(g) = 685*g + 4784. Give z(-7).
-11
Let r(a) = 2*a**3 + 282*a**2 + 142*a - 19252. Calculate r(-140).
68
Let c(m) = 78199*m + 12511849. What is c(-160)?
9
Let r(t) = 8*t**3 - 107*t**2 - 14. What is r(12)?
-1598
Let y(p) = -7*p**3 - 73*p**2 - 179*p - 39. Give y(-7).
38
Let a(i) = -11*i**3 + 224*i**2 + 146*i + 15. Calculate a(21).
-6
Let l(v) = v**3 - 112*v**2 + 741*v + 4. What is l(7)?
46
Let i(j) = -30*j**2 + 25*j - 87. Calculate i(5).
-712
Let f(o) = o**3 - 18*o**2 - 342*o + 2861. Calculate f(7).
-72
Let b(s) = -11539*s + 92401. Calculate b(8).
89
Let j(r) = -r**3 + 109*r**2 - 89*r - 1239. Give j(108).
813
Let x(z) = 2*z**3 - 809*z**2 - 387*z - 7294. Calculate x(405).
-4
Let i(w) = -9*w**2 + 67839*w + 67841. Calculate i(-1).
-7
Let j(u) = 15*u**3 - 11910*u**2 - 10*u + 7942. Determine j(794).
2
Let h(k) = 50*k + 641. Give h(-13).
-9
Let d(n) = 763*n**2 + 11*n + 18. Determine d(-2).
3048
Let x(b) = -2*b**3 - 18*b**2 - 44*b - 107. What is x(-6)?
-59
Let x(u) = -u**3 - 96*u**2 - 388*u - 1851. Give x(-92).
-11
Let h(n) = 900*n + 12884. What is h(-15)?
-616
Let f(h) = h**3 + 20*h**2 + 64*h + 796. Calculate f(-20).
-484
Let i(t) = 6*t**2 + 4915*t - 19657. What is i(4)?
99
Let r(u) = 4*u**2 + 220*u + 2990. Calculate r(-41).
694
Let d(c) = 3*c**2 - 4728*c + 250956. Give d(55).
-9
Let w(h) = -388*h + 93738. Determine w(247).
-2098
Let h(v) = -1827*v + 31521. Calculate h(17).
462
Let h(o) = -21*o**2 - 445*o - 1768. What is h(-15)?
182
Let r(w) = -2*w**3 - 28*w**2 + 74*w + 842. Determine r(-14).
-194
Let p(c) = -5*c**3 - 19*c**2 + 135*c + 564. What is p(-4)?
40
Let i(a) = 372*a - 25191. Give i(73).
1965
Let t(q) = 3*q**2 + 52*q - 415. Determine t(-24).
65
Let r(o) = 31*o**3 - 1290*o**2 + 781*o - 69. What is r(41)?
13
Let m(l) = -5*l**2 + 369*l - 4987. Give m(56).
-3
Let z(s) = 58*s**2 - 2826*s - 8466. Determine z(-3).
534
Let a(i) = -659*i - 105491. Calculate a(-160).
-51
Let o(m) = -25*m**3 + 1547*m**2 + 184*m + 122. What is o(62)?
-2
Let v(r) = 261637*r - 3139661. What is v(12)?
-17
Let n(j) = 24*j**2 + 271*j - 3069. What is n(7)?
4
Let y(c) = 515*c + 4198. Calculate y(-6).
1108
Let t(w) = 221663*w - 10196490. Give t(46).
8
Let f(y) = 4*y**3 - 178*y**2 + 91*y - 69. Give f(44).
63
Let i(r) = 51547*r + 2164979. Calculate i(-42).
5
Let g(w) = -w**2 - 4524*w + 233271. Determine g(51).
-54
Let i(y) = -876378*y + 876402. What is i(1)?
24
Let k(q) = 2*q**3 + 106*q**2 + 10*q - 106. Give k(-53).
-636
Let r(q) = -10*q**3 - 277*q**2 + 383*q + 110. Calculate r(-29).
-64
Let h(y) = -762*y - 84590. Determine h(-111).
-8
Let j(h) = 2*h**2 + 388*h - 1097206. Calculate j(-844).
-6
Let g(x) = -144*x + 9832. What is g(100)?
-4568
Let g(o) = 46943*o + 140439. What is g(-3)?
-390
Let u(h) = h**3 + 111*h**2 - 791*h - 38090. Determine u(-115).
-25
Let u(r) = 32359*r + 32381. Give u(-1).
22
Let b(r) = 5*r**3 + 273*r**2 - 431*r - 2187. Calculate b(-56).
-3
Let k(z) = -7801*z - 1310572. Give k(-168).
-4
Let t(b) = b**3 - 11*b**2 + 51*b - 473. Calculate t(10).
-63
Let r(d) = -d**3 - 67*d**2 + 583*d + 4462. Determine r(-5).
-3
Let u(v) = 948*v + 18588. Calculate u(-20).
-372
Let j(a) = 51*a**3 - 4*a**2 + 267*a - 793. What is j(3)?
1349
Let g(x) = 3*x**3 - 473*x**2 + 313*x + 49. Calculate g(157).
-108
Let v(o) = -2*o**3 + 282*o**2 + 3347*o - 384. Give v(152).
72
Let t(j) = -j**3 + 12*j**2 + 1362*j - 9785. Determine t(7).
-6
Let w(d) = 16*d**2 + 336*d + 511. What is w(-13)?
-1153
Let u(x) = -x**3 - 2*x**2 + 8222*x + 24672. Give u(-3).
15
Let o(n) = -403120*n + 2821859. Give o(7).
19
Let j(c) = -354*c + 26039. What is j(74)?
-157
Let o(z) = -7*z**2 - 909*z + 1109. Calculate o(-131).
61
Let x(t) = t**3 + 30*t**2 + 77*t - 20. Calculate x(-7).
568
Let i(h) = -25*h**3 + 191*h**2 - 4*h + 265. Determine i(8).
-343
Let i(g) = -g**3 + 96*g**2 + 2051*g - 19. What is i(-18)?
-1
Let y(s) = 2*s**2 + 458*s - 219473. What is y(236)?
7
Let n(j) = -j**3 - 35*j**2 - 123*j - 7635. Determine n(-37).
-346
Let k(m) = -m**3 + 734*m**2 + 6633*m - 518. Calculate k(-9).
-32
Let b(o) = -o**3 + 515*o**2 - 9424*o - 66. Calculate b(496).
-66
Let c(y) = 2744*y + 301885. Calculate c(-110).
45
Let x(m) = -34*m**2 + 2267*m + 18001. Calculate x(-8).
-2311
Let g(q) = -3880*q - 364700. Calculate g(-94).
20
Let v(f) = f**3 + 653*f**2 - 2500*f - 348987. Calculate v(-656).
5
Let a(w) = -w**2 - 50*w + 755. Determine a(14).
-141
Let y(f) = -5*f**3 + 47*f**2 - 21*f + 74. Give y(14).
-4728
Let f(s) = -2*s**2 - 5388*s - 85621. Give f(-16).
75
Let p(j) = j**3 + 181*j**2 + 1872*j + 5. Determine p(-11).
-17
Let f(u) = -u**3 + 72*u**2 - 472*u - 2730. What is f(64)?
-170
Let s(r) = 1965*r - 1508. Calculate s(1).
457
Let m(s) = 3*s**2 - 32*s - 1801. Give m(-41).
4554
Let b(g) = 33*g + 1387. Calculate b(-41).
34
Let s(q) = 427*q + 19935. Give s(-47).
-134
Let o(x) = 2*x**2 + 513956*x + 2055784. Determine o(-4).
-8
Let b(q) = 3*q**2 - 360*q + 10435. Calculate b(66).
-257
Let v(g) = -266*g**2 - 6692*g - 687. Determine v(-25).
363
Let j(n) = -5430*n**2 - 32688*n - 642. What is j(-6)?
6
Let r(o) = -17979*o - 449401. Give r(-25).
74
Let d(n) = -n**3 - 45*n**2 - 350*n - 17. Give d(-10).
-17
Let b(k) = 176056*k + 12676040. Give b(-72).
8
Let j(f) = -74*f**2 - 2*f - 4. What is j(2)?
-304
Let w(t) = -2*t**2 + 1380*t + 22414. Give w(-16).
-178
Let p(i) = -i**2 + 15284*i + 6064671. Give p(-387).
-6
Let f(d) = -2*d**3 - 118*d**2 - 508*d + 177. What is f(-5)?
17
Let v(d) = -2*d**2 - 398*d + 801. Give v(2).
-3
Let u(l) = 2*l**3 + 159*l**2 + 7*l - 5680. Give u(-79).
8
Let k(c) = -2*c**2 - 195*c - 884. Determine k(-95).
-409
Let g(m) = m**3 + 74*m**2 + 307*m - 10819. Calculate g(-67).
35
Let d(m) = -m**3 - 60*m**2 - 1362*m - 168694. What is d(-73)?
9
Let a(p) = -p**3 + 65*p**2 + 6953*p + 201. Give a(122).
79
Let v(d) = 284*d**2 + 1843*d - 1840. What is v(1)?
287
Let c(q) = 21*q**2 - 261*q + 103. Calculate c(12).
-5
Let j(t) = 41*t**3 - 28*t**2 + 570*t - 570. What is j(1)?
13
Let y(g) = -g**3 + 151*g**2 - 170*g + 2943. Give y(150).
-57
Let k(j) = -1670396*j + 1670403. Calculate k(1).
7
Let p(m) = m**3 - 21*m**2 + 16853*m - 285339. Calculate p(17).
6
Let i(b) = b**3 + 29*b**2 - 2432*b + 25. Give i(0).
25
Let w(p) = -2642*p**2 + 13218*p + 6. Calculate w(5).
46
Let d(m) = m**3 + 15*m**2 - 131*m - 1851. Determine d(-20).
-1231
Let g(c) = -2*c**3 - 2*c**2 - 22*c + 166. Calculate g(9).
-1652
Let h(x) = -x**3 - 21*x**2 + 381*x + 133. What is h(12)?
-47
Let f(i) = -853*i + 190222. Determine f(223).
3
Let n(c) = 3118*c + 74765. Determine n(-24).
-67
Let d(u) = 3*u**2 - 30506*u + 5658477. Determine d(189).
6
Let m(n) = 2*n**2 + 22871*n - 878. What is m(0)?
-878
Let u(i) = -62*i - 4937. Give u(-86).
395
Let f(v) = -3*v**3 - 50*v**2 - 207*v - 3787. Give f(-17).
21
Let i(g) = 1974*g - 161876. Calculate i(82).
-8
Let a(r) = -r**3 + 114*r**2 + 77*r + 4217. Determine a(115).
-153
Let a(k) = -4*k**2 - 1422*k - 2219. What is a(-354)?
-95
Let d(p) = 274*p + 19505. What is d(-71)?
51
Let q(g) = 3*g**3 + 82*g**2 + 433*g - 25. What is q(-6)?
-319
Let n(v) = -13*v**2 - 300*v - 294. Determine n(-24).
-582
Let o(b) = 32303*b + 419846. Give o(-13).
-93
Let k(p) = -2*p**3 - 7*p**2 + 205*p - 11. What is k(-13)?
535
Let k(h) = -h**3 - 102*h**2 - 2557*h - 145. What 